igit of 5277948?
7
What is the ten thousands digit of 50113?
5
What is the units digit of 203102?
2
What is the tens digit of 33160?
6
What is the tens digit of 7114757?
5
What is the thousands digit of 10372271?
2
What is the ten thousands digit of 11701999?
0
What is the ten thousands digit of 2549870?
4
What is the thousands digit of 6928321?
8
What is the hundred thousands digit of 12022269?
0
What is the millions digit of 1341480?
1
What is the ten thousands digit of 3492281?
9
What is the thousands digit of 247060?
7
What is the hundred thousands digit of 166124?
1
What is the tens digit of 2334426?
2
What is the tens digit of 3309704?
0
What is the tens digit of 1392636?
3
What is the tens digit of 30312129?
2
What is the hundred thousands digit of 562526?
5
What is the ten thousands digit of 833598?
3
What is the tens digit of 16268548?
4
What is the hundreds digit of 233981?
9
What is the ten millions digit of 19540320?
1
What is the thousands digit of 609812?
9
What is the thousands digit of 4513097?
3
What is the hundreds digit of 565928?
9
What is the thousands digit of 1645667?
5
What is the hundred thousands digit of 11686488?
6
What is the hundreds digit of 3279?
2
What is the tens digit of 1269289?
8
What is the ten thousands digit of 98818?
9
What is the hundred thousands digit of 106741?
1
What is the hundreds digit of 388008?
0
What is the hundred thousands digit of 273837?
2
What is the ten thousands digit of 364507?
6
What is the units digit of 162861?
1
What is the tens digit of 134599?
9
What is the tens digit of 793990?
9
What is the tens digit of 3638137?
3
What is the tens digit of 233120?
2
What is the tens digit of 1947599?
9
What is the hundreds digit of 275452?
4
What is the hundreds digit of 344498?
4
What is the ten thousands digit of 37513?
3
What is the millions digit of 2726796?
2
What is the hundreds digit of 9447981?
9
What is the units digit of 1891949?
9
What is the ten millions digit of 14885457?
1
What is the tens digit of 4538?
3
What is the tens digit of 457505?
0
What is the ten thousands digit of 577598?
7
What is the hundreds digit of 904438?
4
What is the ten thousands digit of 1314627?
1
What is the millions digit of 1009706?
1
What is the units digit of 68357?
7
What is the thousands digit of 2968444?
8
What is the thousands digit of 3319583?
9
What is the ten thousands digit of 1355292?
5
What is the hundreds digit of 979018?
0
What is the ten thousands digit of 306346?
0
What is the ten thousands digit of 24701?
2
What is the hundred thousands digit of 203189?
2
What is the thousands digit of 1656102?
6
What is the hundreds digit of 61510?
5
What is the thousands digit of 1049211?
9
What is the hundreds digit of 514338?
3
What is the units digit of 7617717?
7
What is the tens digit of 48804?
0
What is the tens digit of 746392?
9
What is the ten thousands digit of 4506691?
0
What is the thousands digit of 2890893?
0
What is the units digit of 69253?
3
What is the hundred thousands digit of 651369?
6
What is the units digit of 3242955?
5
What is the ten thousands digit of 8212000?
1
What is the thousands digit of 9047055?
7
What is the hundred thousands digit of 4149139?
1
What is the hundred thousands digit of 3403625?
4
What is the units digit of 123336?
6
What is the thousands digit of 640743?
0
What is the hundred thousands digit of 1539456?
5
What is the units digit of 5719378?
8
What is the units digit of 1031800?
0
What is the ten thousands digit of 5028042?
2
What is the tens digit of 30963876?
7
What is the ten thousands digit of 382401?
8
What is the tens digit of 1894286?
8
What is the units digit of 37175?
5
What is the units digit of 1565657?
7
What is the hundreds digit of 24856860?
8
What is the millions digit of 6513163?
6
What is the thousands digit of 63792?
3
What is the hundred thousands digit of 7979573?
9
What is the ten thousands digit of 1255076?
5
What is the hundreds digit of 1727372?
3
What is the units digit of 132767?
7
What is the hundreds digit of 5473044?
0
What is the units digit of 11531396?
6
What is the hundreds digit of 247813?
8
What is the thousands digit of 304963?
4
What is the thousands digit of 224928?
4
What is the tens digit of 9572891?
9
What is the hundred thousands digit of 14929912?
9
What is the hundreds digit of 232395?
3
What is the hundreds digit of 2878244?
2
What is the units digit of 291332?
2
What is the millions digit of 1366320?
1
What is the hundreds digit of 4985068?
0
What is the ten thousands digit of 10218516?
1
What is the tens digit of 5851569?
6
What is the thousands digit of 1805680?
5
What is the ten thousands digit of 315646?
1
What is the tens digit of 1918451?
5
What is the hundreds digit of 772334?
3
What is the hundreds digit of 2595317?
3
What is the hundreds digit of 2286503?
5
What is the tens digit of 3681334?
3
What is the tens digit of 22925587?
8
What is the hundreds digit of 236833?
8
What is the hundred thousands digit of 303826?
3
What is the ten thousands digit of 2170637?
7
What is the thousands digit of 5290561?
0
What is the ten thousands digit of 6904829?
0
What is the thousands digit of 2159896?
9
What is the thousands digit of 26914010?
4
What is the units digit of 16876440?
0
What is the thousands digit of 10378109?
8
What is the units digit of 128526?
6
What is the ten thousands digit of 5266258?
6
What is the tens digit of 28877?
7
What is the tens digit of 893130?
3
What is the hundreds digit of 604607?
6
What is the hundreds digit of 7586851?
8
What is the thousands digit of 16511?
6
What is the thousands digit of 1333005?
3
What is the tens digit of 239843?
4
What is the units digit of 663859?
9
What is the units digit of 294169?
9
What is the hundreds digit of 1752176?
1
What is the millions digit of 1541952?
1
What is the tens digit of 2763608?
0
What is the hundreds digit of 3062570?
5
What is the millions digit of 3709807?
3
What is the thousands digit of 111551?
1
What is the ten thousands digit of 7360797?
6
What is the ten thousands digit of 12407412?
0
What is the units digit of 2826030?
0
What is the tens digit of 761219?
1
What is the tens digit of 241290?
9
What is the thousands digit of 1586158?
6
What is the units digit of 309250?
0
What is the millions digit of 22689536?
2
What is the thousands digit of 1129912?
9
What is the thousands digit of 285608?
5
What is the hundred thousands digit of 660771?
6
What is the hundred thousands digit of 310040?
3
What is the ten thousands digit of 1480649?
8
What is the millions digit of 1210845?
1
What is the units digit of 174186?
6
What is the units digit of 76058?
8
What is the thousands digit of 443386?
3
What is the units digit of 7151075?
5
What is the units digit of 15561645?
5
What is the hundred thousands digit of 315709?
3
What is the units digit of 1136152?
2
What is the hundred thousands digit of 244587?
2
What is the hundred thousands digit of 1441343?
4
What is the units digit of 181564?
4
What is the ten millions digit of 16221015?
1
What is the hundred thousands digit of 117310?
1
What is the thousands digit of 20085572?
5
What is the ten thousands digit of 487641?
8
What is the thousands digit of 255916?
5
What is the ten thousands digit of 1387893?
8
What is the hundreds digit of 448149?
1
What is the thousands digit of 55878?
5
What is the millions digit of 1875898?
1
What is the ten thousands digit of 266101?
6
What is the millions digit of 4011036?
4
What is the units digit of 128319?
9
What is the tens digit of 37781344?
4
What is the units digit of 64901?
1
What is the tens digit of 557836?
3
What is the millions digit of 5979349?
5
What is the millions digit of 1577962?
1
What is the ten thousands digit of 3532467?
3
What is the units digit of 238428?
8
What is the ten thousands digit of 95364?
9
What is the tens digit of 142588?
8
What is the units digit of 104080?
0
What is the hundreds digit of 12477426?
4
What is the millions digit of 1251233?
1
What is the hundreds digit of 2104488?
4
What is the thousands digit of 3245096?
5
What is the units digit of 11313067?
7
What is the units digit of 372600?
0
What is the units digit of 1945982?
2
What is the hundreds digit of 166090?
0
What is the thousands digit of 2266225